r of x and c?
1
Let u be 2*2/(-4)*-5. Suppose 133 + 32 = 3*h. What is the greatest common factor of h and u?
5
Suppose -7*a = 8 - 71. What is the highest common divisor of 117 and a?
9
Suppose 6*k - k - 10 = 0. Suppose -4*v + 3*v = d - 68, -k*v = -10. What is the highest common divisor of d and 42?
21
Let j(v) = 18*v**3 + v**2 + 2*v. Let a be j(2). What is the greatest common divisor of a and 38?
38
Suppose -3*u + 4 = -4*z + 10, 2 = -2*u + 2*z. Suppose 2*d + u*q - 17 = 5, -4*d = -q - 29. Calculate the greatest common divisor of 56 and d.
8
Let o(u) = 3*u**2 + 6*u + 3. Let q be o(-6). Let d be (114/24)/(2/8). Suppose 0 = 4*r - q + d. What is the highest common divisor of r and 70?
14
Suppose 3 = m + x, -4*x + 2 = 3*m - 7. Suppose 4*p - 42 = 2*d, -m*p - d - 57 = -8*p. Calculate the greatest common factor of 12 and p.
12
Suppose 4*i - 6 - 2 = 0. Suppose -s = i*s - 33. Suppose 4*m - 3*x + 246 = 730, 4*x = 0. Calculate the highest common factor of m and s.
11
Suppose -5*k - 2 = 48. Let a be k/4*(-112)/35. Calculate the greatest common divisor of 8 and a.
8
Suppose 4*o + 12 = -2*m, 2*o = -3*m + o + 2. Let q be -4 + 1 - -3*m. What is the highest common factor of 21 and q?
3
Suppose -3*c + 315 = 5*a, -8*a = -3*a + 5*c - 325. What is the highest common factor of a and 24?
12
Let c be 2/(-3) + 1 - 212/(-12). What is the greatest common divisor of 198 and c?
18
Let l(u) = 17*u - 8. Let z be l(4). What is the highest common divisor of 24 and z?
12
Suppose 681 = 5*a + 31. Calculate the greatest common divisor of a and 52.
26
Let h be -5 + 1/2*-4. Let a(o) = -7*o + 11. Let n be a(h). What is the greatest common factor of 24 and n?
12
Suppose -4*g + 9*g = 50. What is the greatest common divisor of g and 40?
10
Suppose -4*g + 5*g = 5. Let z = 8 + -13. Let j(r) = 2*r**2 + 2*r - 5. Let x be j(z). Calculate the highest common factor of g and x.
5
Suppose -5*c + 5*x = -30, x + 3 = 2*c + 2*x. Let k be 12 - 2/((-2)/c). Calculate the highest common factor of 15 and k.
15
Suppose 6 + 6 = 4*l. Suppose 0 = -5*s - 2*g + 69, s + l*s + 4*g = 60. What is the greatest common divisor of s and 39?
13
Let b(p) = 2*p**2 + 10*p - 13. Let f be b(-11). What is the greatest common factor of f and 17?
17
Let n = 212 + -58. Calculate the highest common divisor of n and 22.
22
Let i be (-17)/(-4)*-2*-6. Suppose -2*g - g = -102. What is the greatest common factor of g and i?
17
Let g be (-104)/(-6) - (-6)/9. Let a be g/(-4)*(1 - -1). Let i = 21 + a. Calculate the greatest common divisor of 4 and i.
4
Let v be 32 - -4 - 0/(-1). Calculate the highest common factor of 90 and v.
18
Suppose 2*b = -0*p + 5*p - 134, 75 = 3*p - 3*b. Let v = 0 + 0. Suppose 5*q + v*q - 70 = 0. What is the greatest common divisor of p and q?
14
Let r = 17 + -6. Let l = r - -15. What is the highest common divisor of 65 and l?
13
Suppose 2*r - 186 = -0*t - 4*t, 0 = 5*t - 3*r - 216. What is the greatest common factor of t and 5?
5
Suppose 0 = 3*y + 3 - 9. Suppose 5*h + 6 - 70 = -y*l, -5*l + 58 = 4*h. Calculate the greatest common factor of 84 and h.
12
Let i be -2 - (-357)/(2 + 1). Suppose -100 = -6*r - 22. Calculate the highest common factor of i and r.
13
Let q = 1 - 1. Let w = q - 3. Let y = w + 9. What is the highest common factor of 6 and y?
6
Let k = 1 - -2. Let o = k - -2. Suppose o*h - 5*d - 60 = 0, 0 = h - 3*d + 4*d - 12. Calculate the highest common factor of 4 and h.
4
Let p be -1 + 1*(-2 + 1). Let v be p/4 + (-26)/(-4). What is the greatest common divisor of v and 9?
3
Let o = -4 - -6. Suppose 5*k + 20 = 0, -4*p + 2*p - 6 = -o*k. Let n be (-54)/(-4)*(-1 - p). What is the greatest common factor of 9 and n?
9
Suppose -5*d - 1 = 5*g + 4, d = 2*g + 8. Suppose d = -3*v + 5*z + 16, -4*z + 8 = 0. What is the highest common divisor of v and 64?
8
Let y = 2 - -7. Calculate the highest common factor of 18 and y.
9
Let z(n) = n**2 - 13*n + 12. Let l be z(12). Suppose 5*i + 2*v - 26 - 76 = 0, -4*v + 4 = l. Calculate the greatest common divisor of 20 and i.
20
Let w be 15/(-15) - 29/(-1). Calculate the greatest common factor of 224 and w.
28
Suppose 0*i + 108 = 2*i - 4*m, -2*m - 150 = -3*i. What is the highest common divisor of i and 8?
8
Let r = 41 + -27. Let y(z) = z + 1. Let i be y(-3). Let k(x) = -3*x**3 - 2*x. Let v be k(i). What is the highest common divisor of v and r?
14
Suppose -2*w + 2*t = 2*w - 44, 0 = 4*t + 8. Suppose 7*g - 2*g - 3*o = -30, 0 = -2*g - 3*o - 12. Let v = g + w. Calculate the highest common divisor of 4 and v.
4
Suppose 62 = 2*w - 62. Let t = w + 13. What is the highest common factor of 50 and t?
25
Suppose 0 = f - 9 - 14. Suppose 3*p + 0 = -5*l + f, 5*l - 24 = -4*p. Let i = 3 - p. Calculate the greatest common divisor of 5 and i.
1
Let v(w) = -3*w**2 - 6*w - 7. Let h be v(5). Let d = 232 + h. Calculate the highest common divisor of d and 15.
15
Let q = -49 + 74. Calculate the highest common divisor of q and 25.
25
Let p = -6 - -9. Suppose 3*j + y - 390 = -0*y, 0 = -p*y. Let c be (j/(-25))/(4/(-10)). Calculate the highest common divisor of 104 and c.
13
Let u(s) = s**2 + 2*s - 3. Let t be u(-3). Suppose 2*k - 376 = -t*k. Suppose k = 4*b - 36. Calculate the highest common factor of 8 and b.
8
Let r(f) = -8*f. Let i be (1 + 0)/(4/(-8)). Let z be r(i). What is the greatest common divisor of z and 16?
16
Suppose 47 = 3*v + 2*n, 4*v + 3*n - 25 = 3*v. Let a = 27 - -77. What is the highest common factor of a and v?
13
Suppose 10*q - 3*s = 5*q + 71, 60 = 3*q + 4*s. Calculate the highest common factor of 48 and q.
16
Suppose 0 = -5*n + 191 + 134. Let m be 1 - -24 - (-2 + 1). What is the greatest common divisor of m and n?
13
Suppose -3*w - 1 = -w - m, -15 = 3*m. Let r be 8 - ((-1)/(-1) + w). Calculate the highest common factor of 90 and r.
10
Let l be (-3)/(-2) - 39/26. Let p = 5 - l. What is the highest common factor of p and 25?
5
Suppose d - 52 + 2 = 0. Calculate the greatest common divisor of d and 10.
10
Let q = -75 - -141. What is the highest common divisor of q and 99?
33
Suppose -u + 5 = 4*u. Suppose -p = u - 25. What is the highest common factor of p and 6?
6
Let i = 159 + -33. Calculate the greatest common divisor of 36 and i.
18
Suppose 5*u = 16 - 6. Suppose -c + 17 = -4*q, -u*c + 5*q = -6*c - 16. What is the highest common divisor of c and 1?
1
Suppose -3*v + 5*w + 140 = 2*v, 3*v + 4*w = 84. Calculate the highest common factor of 56 and v.
28
Suppose 0 = 5*l - 20, 4*w - 5*l = 7*w - 290. Calculate the highest common divisor of w and 135.
45
Suppose 3*b + 7 = 4*b. Let k be (-2)/(4 - 2)*-126. Suppose -6*q + 4*q = l - 63, -4*q - k = -2*l. What is the highest common divisor of l and b?
7
Let k be (-2 + (0 - -4))/(-1) + 114. What is the highest common divisor of k and 280?
56
Let s = 32 + 15. Suppose 0 = 4*y + 17 + s. Let d = 28 + y. What is the highest common factor of 132 and d?
12
Suppose 2*g - 5 = g. Suppose g*i - 4*s + 6*s - 508 = 0, -5*s = -20. What is the highest common factor of i and 20?
20
Let d be 6/15 + -1 + 16/10. What is the highest common divisor of d and 16?
1
Let b = 108 + -86. Calculate the highest common divisor of 110 and b.
22
Suppose 5*t = 14 - 4. Suppose t*l + 3*w = 369, -l - 2*w - 354 = -3*l. What is the greatest common divisor of l and 20?
20
Suppose -u = -2*f - 4, -u - 4*f = -2*u - 6. Calculate the greatest common divisor of 70 and u.
14
Let i be ((-3)/2)/((-2)/4). Let v = 41 - 26. What is the highest common factor of v and i?
3
Let d be 9/3 - (-38 - -5). What is the highest common divisor of 288 and d?
36
Suppose -4*q - 3*p + 118 = 0, -5*p = 3*q - 107 + 13. Calculate the greatest common divisor of 42 and q.
14
Let o = -2 + 1. Let g(f) = -26*f**3 + 2*f**2 + 2*f + 1. Let a be g(o). Calculate the highest common divisor of a and 9.
9
Suppose 2 = -b - 1, 3*t - 5*b = 42. Suppose 0 = -3*u, 5*u - 85 = 2*f - 33. Let h = -17 - f. What is the greatest common divisor of h and t?
9
Let r be (-4)/(3 + 164/(-52)). What is the greatest common divisor of r and 39?
13
Suppose 5 = -3*i + h + 47, 0 = i - h - 16. Suppose 0 = -2*a - 5*r - 18, 2*a + 25 = -2*r + 7. Let z = i + a. Calculate the greatest common factor of 16 and z.
4
Suppose -4*z + 24 = -2*a, -a = z - 2 - 4. Suppose -2*s + 5*m = 24, 4*m - 28 = 4*s - m. Let q = 16 - s. What is the greatest common divisor of z and q?
6
Let r